Let s = 2 + -2. Suppose 4*y + y = 3*v + 12, s = 5*v - 3*y + 36. Let q = v + 16. What is the units digit of q?
7
Suppose 81 = -g + 4*g. What is the tens digit of g?
2
Let w = 163 - 43. Suppose -27 = 3*j - w. What is the tens digit of j?
3
What is the tens digit of (0 + 3 + 0)/((-7)/(-49))?
2
Let p(g) = -g**2 - 3*g + 6. Let f(u) = u**2 + 3*u - 5. Let d(y) = -2*f(y) - 3*p(y). Let x(k) = k + 4. Let n be x(-10). What is the units digit of d(n)?
0
Let t = -6 - -9. Suppose t*c + 25 = 2*w, 0 = -4*w - 4*c + 107 - 27. What is the units digit of w?
7
Let u(w) = -w**2 - 15*w - 5. What is the tens digit of u(-6)?
4
Let z(j) = -j**2 - 24*j - 16. What is the units digit of z(-21)?
7
Suppose -m + 62 = -14. What is the units digit of m?
6
Suppose -3*b = 5*h - 29, -5*h - b + 24 = -9. Let g(q) = -q**2 + 11*q - 9. What is the tens digit of g(h)?
1
Let q be (1 - 0)*(-3 + -2). Let t = q - -7. What is the units digit of t?
2
What is the tens digit of (4/(-12))/((-7)/1113)?
5
Suppose -3*s = -s. Suppose s*f - 21 = -f. What is the tens digit of f?
2
Let m be ((-1)/(-2))/(5/290). Suppose -4*n - 5 + m = 0. Suppose -5*w + 3*w = -n. What is the units digit of w?
3
Suppose -115 = -4*i + 69. Let l = i - 18. What is the units digit of l?
8
Suppose 0 = -17*p + 18*p - 71. What is the units digit of p?
1
Suppose 4*x = -r - 100, -4 = -5*r - 4*x - 456. Let d = 18 - 4. What is the units digit of 6/(-21) - r/d?
6
Suppose -15 = 2*t - 45. What is the units digit of t?
5
Let v(h) = h - 14. Let f be v(16). Suppose 3*g = -f*s - 0*s + 72, -s + 113 = 5*g. What is the tens digit of g?
2
Suppose 4*m = -2 - 2. What is the units digit of 2/(-6)*m*3?
1
Suppose -m - 15 = -4*m. Suppose 3*s + m = -13. Let p(x) = x**2 + 7*x + 7. What is the units digit of p(s)?
1
Suppose -c - 2 = -6. Suppose 0 = -c*q - 5*y - 21, -5*y - 42 = -4*q - 13. What is the units digit of q?
1
Suppose -4*b - 4 = -2*b. Let v be (-32)/(-6) - b/(-6). Let h = -1 + v. What is the units digit of h?
4
Let g = 361 + -93. What is the units digit of g?
8
Let s(o) = -o**2 - 14*o - 1. What is the units digit of s(-12)?
3
Let y = -247 + 453. What is the hundreds digit of y?
2
Let h(a) = a**3 + 3*a**2 - 2*a. Let l be (-14)/(-4) - (-6)/12. Let f be (-5)/2 - 2/l. What is the units digit of h(f)?
6
Suppose -5*t + 12 + 3 = 0. Suppose -2*k - 5 = t. Let z = 9 + k. What is the units digit of z?
5
Let t(f) = 11*f**2 - 5*f. What is the tens digit of t(2)?
3
Let o = -118 - -242. What is the tens digit of o?
2
Suppose -6 = -2*h + 5*i, -5*h + 15 = -5*i + 3*i. Suppose -h*q + 12 = -69. What is the tens digit of q?
2
Let p be (6/(-8))/((-3)/(-12)). What is the units digit of -1 - (15/(-3) + p)?
7
What is the units digit of (-24)/16*4*-20?
0
Let g(k) be the first derivative of k**3/3 - 5*k**2/2 + 4*k + 2. Let u be g(5). Suppose -w + 19 = q, u*w - 2*q = 2*q + 36. What is the units digit of w?
4
Suppose -5*v - 3*q = -77, -q = 4*v - 9*v + 81. Let b be (-12)/v + 62/8. What is the units digit of (-19)/(-3) + b/(-21)?
6
Let p be (0 - 0) + 1*99. Let u = p - 71. Suppose -u + 1 = -3*n. What is the units digit of n?
9
Suppose -5*h + 16 - 6 = 0, -5*m + 320 = -5*h. What is the units digit of m?
6
Suppose -18 = 5*u + 2. What is the units digit of (2 - 6)/(u + 3)?
4
Let f = -187 + 262. What is the tens digit of f?
7
Let b be 6/21 + 79/(-7). What is the units digit of 2 - (b + 2 + -2)?
3
Let q(c) = 8*c - 4. What is the tens digit of q(6)?
4
Let k(m) = 5*m - 5. What is the units digit of k(3)?
0
Let j = -4 + 4. Suppose -4*d = 3*p - 56, 5*p - 55 = -j*p + d. What is the tens digit of p?
1
Suppose -3*x + 0 = -u + 10, 10 = 3*u + x. Let j(q) be the second derivative of -q**4/12 + q**3 - q**2 - 2*q. What is the units digit of j(u)?
6
Suppose -j = 5, 0 = 2*u - 4*j + 14 - 52. What is the units digit of u?
9
Let k be (-2)/5 + (-21)/(-15). Suppose 3 + 4 = -h - 2*d, 2*h + 12 = -3*d. What is the units digit of (-2)/h*(2 + k)?
2
Suppose -2*k + 3*a = -196 - 22, -5*k + 5*a = -555. Suppose 29 + k = 3*d. What is the tens digit of d?
4
Let h(u) = u**3 - 4*u**2 + 5*u - 5. Let f be h(5). Let n be (-6)/(-24) + 7/4. Suppose 0 = 5*m - 0*m - 5*l - f, -n*m - l = -12. What is the units digit of m?
7
What is the units digit of ((-6)/9)/(1/(-24))?
6
Suppose -5*l = -2 + 17. What is the units digit of (-3 - (l + 1)) + 13?
2
Let b be (-2)/3 - (-685)/15. What is the units digit of (-20)/(-6)*54/b?
4
Let v(x) = 7*x + 7. What is the hundreds digit of v(15)?
1
Suppose 2*j - 27 - 38 = -n, -71 = -n + 4*j. What is the units digit of n?
7
Suppose -j - 3*l = -4*j + 1293, 2*j + 2*l = 842. What is the hundreds digit of j?
4
What is the tens digit of 2960/15 - (-2)/3?
9
Suppose -2*k = -3*d + 283, -5*d = 3*k - 2*k - 489. What is the tens digit of d?
9
Suppose 3*u = 2 + 19. What is the units digit of u?
7
What is the units digit of -1 + 125 - (0 - 1)?
5
Let k(v) = -3*v**3 + v**2 + 2*v + 7. Let a(p) = 4*p**3 - 2*p - 7. Let d(i) = -4*a(i) - 5*k(i). What is the units digit of d(-5)?
3
Let s(x) be the first derivative of x**2/2 + 17*x - 2. Let t be s(-8). What is the units digit of (1 + 8)*3/t?
3
Suppose 4*w - 3*g = 0, 3*w + 6*g = 4*g. Let b(l) = -l**2 + l + 5. Let s be b(w). Suppose -3*v + v = -5*m - 30, -20 = -3*v - s*m. What is the tens digit of v?
1
Suppose -21*x = -17*x - 320. What is the tens digit of x?
8
Let n = -7 - -11. Suppose n = 4*z - 4. Suppose y = -2*d + 4, -4*d + 3*y = -0*d + z. What is the units digit of d?
1
Let x(w) = w**2 + 2*w + 12. What is the units digit of x(-7)?
7
Let v(a) = a**3 - a**2 - a + 2. Let s be v(2). Suppose 4*u - 80 = s*t, 80 = 4*u + u - t. What is the units digit of u?
5
Let d = 198 - -32. What is the tens digit of d?
3
Let h(g) = 35*g**2 - g + 1. Let j be h(1). Let s = -22 + j. What is the tens digit of s?
1
Suppose n + 4*x = 12 + 5, 2*x = 4*n + 4. What is the units digit of (23 + -2 - 1)*n?
0
Suppose -405 = -2*p - 10*l + 5*l, 0 = 4*p - 5*l - 825. What is the units digit of p?
5
Let r(m) = 7*m**2 - 2*m + 7. What is the tens digit of r(-3)?
7
Let h be -4*6/15*-5. Suppose h = j + 3*j. What is the units digit of j?
2
Let m be (62/(-4))/((-3)/(-6)). Let i = -1 - m. What is the tens digit of i?
3
What is the units digit of 12*(-3 + 244/8)?
0
Let l be (2/(-3))/((-5)/(-90)). Let c be 8/l - 94/(-6). Suppose 5*s - c = 30. What is the units digit of s?
9
Let n(w) = 11*w + 8. What is the tens digit of n(6)?
7
Let r = 26 + 36. What is the tens digit of r?
6
Suppose -123 - 267 = -5*m. Suppose 5*g = y + m, g + 3*y - 20 = y. What is the tens digit of g?
1
Let d(l) = 7*l**3 - 7*l**2 + l - 8. Let a(t) = -6*t**3 + 7*t**2 - 2*t + 7. Let h(y) = -6*a(y) - 5*d(y). What is the units digit of h(6)?
4
Let k(j) = -j. Let g be k(2). Let q(a) be the second derivative of a**4/6 + a**3/3 + a**2 - 17*a. What is the units digit of q(g)?
6
Let r = -154 - -266. What is the hundreds digit of r?
1
Suppose 14 - 4 = 2*u. Suppose -h = u*k - 24, -2*h + 5*k - k = 8. Suppose -3*q = -5*j - 13, 2*q - 3*q + h*j = -2. What is the units digit of q?
6
Suppose 11*i + 2 = 10*i. What is the units digit of 32/6 - i/(-6)?
5
Suppose -2*j + w + 683 = 0, 344 = -0*j + j - w. What is the units digit of j?
9
Suppose 49 = 5*b - 46. Let c = b - -13. What is the tens digit of c?
3
Let y = 10 + -18. Let w be 12/(-2)*4/y. Suppose -x = -0*x - w. What is the units digit of x?
3
Let h be 0/(-2 - -1 - 1). Suppose h - 5 = -5*p, -4*b + 3*p + 21 = 0. What is the units digit of b?
6
Let k be (3/(-2) + 1)*-12. Suppose 5*x = 39 + k. What is the units digit of x?
9
Suppose -4*z = -8, -3*h - 5*z + 114 + 28 = 0. Suppose -h = -2*y - 2*y. Let u = y - -3. What is the units digit of u?
4
Suppose 0 = -2*d + c + 105, 0 = -2*d - 3*c + 13 + 72. What is the tens digit of d?
5
Let w(o) = -o**3 + 3*o**2 + o + 1. What is the units digit of w(3)?
4
Let r = -11 + 20. Suppose -z - r = -a, -2*z - 2 = -2*a - 4*z. Let j(l) = -l + 11. What is the units digit of j(a)?
6
Let y = -2 + 4. Suppose y*r - 3*r = -6. Let b(x) = -x**3 + 5*x**2 + 6*x + 8. What is the units digit of b(r)?
8
Let x(l) = 44*l - 19. What is the tens digit of x(5)?
0
Let a = -24 - -76. What is the units digit of a?
2
Suppose 5*d - 1 - 14 = 0. Suppose -13 = -d*a + 11. What is the units digit of a?
8
Suppose -124 = -4*q + 188. What is the units digit of q?
8
What is the tens digit of 1/(-4 - 5/((-575)/465)